 110. Determine k(37).
186
Let c(k) = k**3 + 139*k**2 + 547*k + 957. Determine c(-135).
12
Let u(y) = y**3 - 12*y**2 - 7*y + 20. Give u(13).
98
Let f(i) = -195*i - 1946. Give f(-10).
4
Let l(p) = -68*p - 1695. Give l(-25).
5
Let l(x) = -233*x - 5775. Determine l(-25).
50
Let q(c) = 4*c**2 + 6*c + 92. Determine q(-10).
432
Let r(p) = p**2 - 27*p + 755. Calculate r(21).
629
Let d(j) = -j**3 - 12*j**2 - 3*j + 164. Give d(-10).
-6
Let g(f) = -4*f**3 + 2*f**2 - 34*f + 72. Give g(2).
-20
Let b(c) = 53*c**3 - 217*c**2 + 16*c + 9. Determine b(4).
-7
Let j(i) = -46*i**2 + 40*i - 1. Determine j(1).
-7
Let v(n) = -51*n - 256. Give v(-5).
-1
Let r(g) = -g**2 + 31*g - 24. What is r(29)?
34
Let r(o) = 2*o**3 - 9*o**2 - 2*o - 3. Determine r(3).
-36
Let i(u) = -2*u**3 + 26*u**2 - 20*u - 14. What is i(13)?
-274
Let z(a) = 3*a**2 - 43*a + 28. What is z(12)?
-56
Let s(r) = 2*r**3 + 10*r**2 - 7*r + 15. Determine s(-7).
-132
Let f(u) = 218*u + 1862. Determine f(-8).
118
Let t(w) = -5*w**2 + 72*w + 47. Calculate t(14).
75
Let s(q) = -2*q**3 - 14*q**2 + 189*q + 1330. Give s(-7).
7
Let k(p) = -p**3 - 4*p**2 + 38*p - 63. Give k(3).
-12
Let s(l) = 55*l - 3614. Give s(65).
-39
Let h(y) = -590*y - 23023. Determine h(-39).
-13
Let f(k) = 585*k + 604. What is f(-1)?
19
Let n(z) = -7*z + 108. Determine n(-12).
192
Let t(o) = 4*o**2 + 42*o - 88. Determine t(2).
12
Let u(q) = q**2 + 5*q - 309. Determine u(15).
-9
Let c(u) = -16*u + 248. Determine c(13).
40
Let t(l) = -l**2 + 31*l + 1990. Calculate t(63).
-26
Let w(a) = a**3 + 9*a**2 + 13*a + 164. What is w(-10)?
-66
Let f(i) = 250*i - 1123. Determine f(5).
127
Let h(p) = p**3 + 19*p**2 - 25*p - 470. Determine h(-19).
5
Let x(b) = -b**3 + 72*b**2 - 50*b - 1477. Calculate x(71).
14
Let m(w) = w**2 + 91*w + 1945. Give m(-33).
31
Let h(d) = -d**3 - 13*d**2 - 11*d - 61. What is h(-11)?
-182
Let f(k) = -k**2 + 20*k + 499. Determine f(34).
23
Let v(j) = j**3 - 37*j**2 + 185*j + 8. Determine v(6).
2
Let f(h) = -3*h**3 - 20*h**2 - 2*h + 32. Calculate f(-6).
-28
Let z(d) = -d**2 + 4*d + 219. Calculate z(16).
27
Let m(y) = -3*y**3 + 125*y**2 + 41*y + 46. Give m(42).
4
Let g(b) = -508*b - 6592. Give g(-13).
12
Let q(x) = 41*x**2 + 241*x - 29. Give q(-6).
1
Let q(u) = 15*u**2 - 1155*u - 4861. Give q(81).
-1
Let g(a) = a**3 + 19*a**2 + 10*a + 10. Determine g(-19).
-180
Let k(b) = -3*b**3 - 92*b**2 - 56*b + 107. Calculate k(-30).
-13
Let f(u) = -u**3 + 7*u**2 + 15*u - 153. Determine f(8).
-97
Let j(z) = -z**3 - 28*z**2 - 192*z + 27. Calculate j(-15).
-18
Let c(a) = -4*a**2 + 109*a - 128. Give c(26).
2
Let i(m) = -3*m**3 + 26*m**2 + 4*m - 169. Determine i(8).
-9
Let u(s) = -2*s**3 - 15*s**2 - 11*s - 33. What is u(-7)?
-5
Let c(o) = 23*o + 286. What is c(-14)?
-36
Let p(s) = s**3 + 48*s**2 - 350*s + 46. What is p(6)?
-110
Let r(s) = -80*s**2 + s - 514. Determine r(0).
-514
Let b(v) = 690*v - 41. Determine b(0).
-41
Let p(y) = -162*y + 7841. What is p(49)?
-97
Let q(f) = -7*f**3 - 5*f**2 + 109*f - 106. Determine q(1).
-9
Let p(l) = 6*l + 2. Give p(-2).
-10
Let s(r) = -50*r**2 + 2586*r + 732. Calculate s(52).
4
Let y(w) = -111*w + 24. Determine y(1).
-87
Let s(a) = -a**2 + 17*a + 536. What is s(33)?
8
Let g(d) = 57*d - 773. What is g(13)?
-32
Let h(s) = s**2 - 56*s + 362. Give h(50).
62
Let i(k) = 2*k**3 + 58*k**2 - 8*k - 211. Give i(-29).
21
Let f(m) = 15*m**2 + 274*m - 274. Give f(1).
15
Let r(h) = -8*h**3 - 4*h**2 - 9*h + 9. What is r(1)?
-12
Let s(u) = 2*u**3 - 153*u**2 - 94*u + 1377. Give s(77).
68
Let s(v) = -2*v**3 + 6*v**2 + v - 19. Calculate s(-3).
86
Let v(q) = q**3 - 18*q**2 + 65*q - 12. Calculate v(13).
-12
Let d(l) = -l**3 - 35*l**2 - 215*l + 32. What is d(-27)?
5
Let d(x) = -37*x**2 - 2*x - 9. Determine d(-2).
-153
Let s(v) = -56*v**2 - 115*v - 438. Calculate s(-4).
-874
Let l(j) = 5*j**3 - 574*j**2 - 99*j - 1844. Give l(115).
-4
Let r(q) = 2*q**3 + 67*q**2 + 93*q - 110. Calculate r(-32).
-14
Let b(r) = 41*r**2 + 52*r - 3. Give b(-4).
445
Let y(c) = -3*c**3 + 231*c**2 - 19*c + 1449. Determine y(77).
-14
Let i(k) = 323*k + 1617. Give i(-5).
2
Let i(x) = -5*x + 31. What is i(9)?
-14
Let y(b) = 3*b**3 - 16*b**2 - 3*b - 18. Give y(5).
-58
Let t(f) = 6*f**2 + 5*f - 74. Determine t(-7).
185
Let p(y) = -14*y**2 - 14*y + 4. What is p(-2)?
-24
Let b(r) = 2*r**2 - 42*r - 93. Determine b(24).
51
Let c(t) = 11*t**2 - 261*t - 6. Give c(24).
66
Let o(u) = 424*u**3 - u + 1. Calculate o(1).
424
Let o(y) = -y**3 - 63*y**2 + 488*y - 144. What is o(-70)?
-4
Let g(i) = i**3 + 56*i**2 + 54*i - 75. Calculate g(-55).
-20
Let q(c) = c**3 - 8*c**2 - c + 13. What is q(6)?
-65
Let z(v) = v**3 + 28*v**2 - 142*v - 454. What is z(-32)?
-6
Let q(j) = 5*j**2 + 346*j + 100. Calculate q(-69).
31
Let t(s) = 226*s - 1138. Determine t(4).
-234
Let j(v) = 61*v - 3. What is j(1)?
58
Let j(x) = -43*x - 606. What is j(-15)?
39
Let p(s) = 37*s + 286. Determine p(-6).
64
Let h(w) = -4*w - 248. Calculate h(-62).
0
Let q(l) = -12*l**2 - 37*l + 14. Determine q(5).
-471
Let t(h) = 42*h**2 - 27*h + 8. Give t(1).
23
Let v(d) = -d**3 + d**2 + 28*d + 4. Give v(-5).
14
Let u(q) = -21*q**2 - 198*q - 80. Determine u(-9).
1
Let y(m) = -3*m**3 + 45*m**2 + 102*m + 4. Give y(-2).
4
Let c(z) = 20*z**3 + 3*z**2 - 15*z - 29. Give c(-2).
-147
Let s(i) = -18*i - 813. Determine s(-45).
-3
Let h(a) = -2*a**2 + 50. Calculate h(6).
-22
Let a(b) = 27*b + 141. Determine a(8).
357
Let p(m) = -3*m**3 - 65*m**2 - 19*m + 473. Determine p(-21).
-10
Let m(y) = y**2 - 54*y + 546. Give m(40).
-14
Let p(z) = -8*z + 430. Determine p(53).
6
Let q(f) = -f**3 - 6*f**2 + 147*f + 1053. Give q(-8).
5
Let s(j) = 60*j**2 + 312*j + 42. Calculate s(-5).
-18
Let u(r) = 11*r - 175. Determine u(23).
78
Let r(o) = 3*o**2 - 214*o + 435. Calculate r(69).
-48
Let r(b) = 116*b + 1269. Give r(-11).
-7
Let b(n) = n**2 + 5*n - 19. What is b(-5)?
-19
Let m(z) = 4*z**3 + 18*z**2 - 19*z - 46. Determine m(-3).
65
Let w(b) = -207*b**3 + b**2 - 2*b + 2. Determine w(1).
-206
Let c(n) = 2*n**2 + 136*n + 620. Calculate c(-5).
-10
Let w(b) = -10*b - 22. Determine w(6).
-82
Let r(l) = 75*l - 840. Determine r(11).
-15
Let f(j) = -314*j + 24487. What is f(78)?
-5
Let k(b) = -4*b**3 - 156*b**2 - b - 35. Give k(-39).
4
Let l(j) = 88*j - 1. What is l(0)?
-1
Let p(h) = 11*h**2 - 473*h - 5. Determine p(43).
-5
Let b(g) = -3*g**2 + 9*g + 236. Give b(10).
26
Let b(q) = 3*q**3 - 5*q**2 + 47. Give b(5).
297
Let o(p) = -9*p - 102. Give o(-25).
123
Let u(n) = 11*n**2 - 56*n - 315. Give u(-5).
240
Let o(s) = 2*s**3 + 13*s**2 - 43*s - 50. What is o(4)?
114
Let l(f) = f**2 - 30*f + 24. Give l(39).
375
Let x(c) = -4*c + 124. Determine x(63).
-128
Let g(k) = -12*k - 86. Calculate g(-3).
-50
Let i(q) = 3*q + 225. Give i(-11).
192
Let l(o) = 2*o**2 + 30*o + 117. Determine l(-6).
9
Let g(u) = 7*u**3 - 11*u**2 - 11*u - 13. Determine g(-3).
-268
Let y(u) = u**2 + 10*u - 18. What is y(-16)?
78
Let a(y) = 3973*y - 43649. Calculate a(11).
54
Let u(q) = -q**3 - 3*q**2 - 9*q + 6. Calculate u(5).
-239
Let n(k) = 4*k**3 + 176*k**2 - k - 18. Calculate n(-44).
26
Let i(a) = -63*a + 575. Determine i(8).
71
Let b(n) = -151*n - 195. Calculate b(-4).
409
Let p(n) = -n**3 - 16*n**2 - 13*n - 22. Determine p(-15).
-52
Let m(y) = y**3 + 36*y**2 + 316*y + 24. Determine m(-15).
9
Let l(j) = 10*j**2 - 17*j - 28. Determine l(-2).
46
Let c(y) = -y**3 + 77*y**2 - 11*y + 923. What is c(77)?
76
Let t(u) = 418*u - 6687. What is t(16)?
1
Let n(b) = 10*b**2 + 72*b + 60. Calculate n(-1).
-2
Let z(k) = 10*k**3 + 119*k**2 - 9*k + 32. Calculate z(-12).
-4
Let r(n) = 1949*n - 1799. What is r(1)?
150
Let f(k) = -47*k + 1486. Calculate f(24).
358
Let y(w) = -64*w + 324. What is y(5)?
4
Let y(p) = 2*p**3 - 82*p**2 + 3*p - 13. Calculate y(41).
110
Let x(t) = -11*t**2 - 17*t + 3. Give x(-4).
-105
Let z(m) = m**2 - 1684*m + 97434. Calculate z(60).
-6
Let u(s) = -s**2 - 8*s + 425. What is u(-24)?
41
Let y(v) = -v**3 + 14*v**2 - 73*v + 144. Give y(5).
4
Let r(x) = 878*x - 224. Determine r(1).
654
Let x(k) = k**2 + 10*k - 2. Determine x(-10).
-2
Let b(u) = -3*u**2 + 10*u - 10. Calculate b(6).
-58
Let y(v) = -22*v**3 + 14*v**2 - 3*v - 8. Determine y(-2).
230
Let q(f) = 2*f**2 + 157*f + 1293. Determine q(-71).
228
Let f(n) = -4*n + 469. Determine f(7).
441
Let l(y) = 757*y + 2329. Determine l(-3).
58